 of 7639344?
9
What is the tens digit of 233079?
7
What is the hundreds digit of 1021261?
2
What is the tens digit of 2413361?
6
What is the units digit of 3014371?
1
What is the hundreds digit of 2384993?
9
What is the tens digit of 19943827?
2
What is the tens digit of 556108?
0
What is the millions digit of 2839353?
2
What is the ten thousands digit of 36989956?
8
What is the hundred thousands digit of 447661?
4
What is the thousands digit of 655525?
5
What is the hundreds digit of 3988945?
9
What is the units digit of 198401?
1
What is the units digit of 1045676?
6
What is the units digit of 562140?
0
What is the hundred thousands digit of 7887822?
8
What is the hundreds digit of 420740?
7
What is the hundred thousands digit of 921917?
9
What is the hundreds digit of 2556485?
4
What is the hundreds digit of 302566?
5
What is the hundred thousands digit of 152665?
1
What is the thousands digit of 1347262?
7
What is the ten thousands digit of 181499?
8
What is the units digit of 399442?
2
What is the tens digit of 8800138?
3
What is the units digit of 605213?
3
What is the ten thousands digit of 1160850?
6
What is the hundred thousands digit of 36621426?
6
What is the ten thousands digit of 75247?
7
What is the units digit of 3587110?
0
What is the tens digit of 204143?
4
What is the ten thousands digit of 11919398?
1
What is the tens digit of 3261183?
8
What is the thousands digit of 18674982?
4
What is the units digit of 482679?
9
What is the ten thousands digit of 21714?
2
What is the units digit of 1817338?
8
What is the thousands digit of 64784?
4
What is the tens digit of 2588389?
8
What is the thousands digit of 9671554?
1
What is the hundreds digit of 7827689?
6
What is the tens digit of 87797?
9
What is the units digit of 1690256?
6
What is the millions digit of 2698951?
2
What is the hundreds digit of 3746402?
4
What is the hundreds digit of 1791557?
5
What is the hundred thousands digit of 5420112?
4
What is the millions digit of 2695448?
2
What is the units digit of 611648?
8
What is the hundred thousands digit of 122535?
1
What is the tens digit of 290585?
8
What is the tens digit of 1387490?
9
What is the thousands digit of 1085071?
5
What is the hundreds digit of 539652?
6
What is the units digit of 316073?
3
What is the hundreds digit of 275694?
6
What is the thousands digit of 152604?
2
What is the hundreds digit of 514786?
7
What is the hundreds digit of 2883079?
0
What is the tens digit of 867949?
4
What is the units digit of 5418?
8
What is the tens digit of 1583967?
6
What is the tens digit of 985340?
4
What is the millions digit of 1508785?
1
What is the units digit of 107848?
8
What is the millions digit of 1197527?
1
What is the hundred thousands digit of 2521778?
5
What is the hundred thousands digit of 510411?
5
What is the units digit of 226756?
6
What is the ten thousands digit of 93634?
9
What is the tens digit of 658725?
2
What is the hundreds digit of 944294?
2
What is the hundreds digit of 246323?
3
What is the hundreds digit of 1327655?
6
What is the ten thousands digit of 5225060?
2
What is the ten thousands digit of 6363885?
6
What is the hundred thousands digit of 4999139?
9
What is the thousands digit of 6348216?
8
What is the ten thousands digit of 274220?
7
What is the ten thousands digit of 1605311?
0
What is the thousands digit of 6215883?
5
What is the ten thousands digit of 34733?
3
What is the tens digit of 95256?
5
What is the ten thousands digit of 1862435?
6
What is the thousands digit of 746233?
6
What is the tens digit of 165541?
4
What is the hundred thousands digit of 4299670?
2
What is the millions digit of 1499183?
1
What is the ten thousands digit of 192391?
9
What is the thousands digit of 264075?
4
What is the hundred thousands digit of 1263902?
2
What is the hundred thousands digit of 10716740?
7
What is the hundred thousands digit of 108490?
1
What is the thousands digit of 181301?
1
What is the ten thousands digit of 952112?
5
What is the thousands digit of 1747305?
7
What is the thousands digit of 904720?
4
What is the units digit of 27638054?
4
What is the units digit of 530855?
5
What is the ten thousands digit of 248817?
4
What is the units digit of 510181?
1
What is the ten thousands digit of 10380410?
8
What is the hundreds digit of 407782?
7
What is the tens digit of 126789?
8
What is the tens digit of 560692?
9
What is the hundred thousands digit of 6360307?
3
What is the tens digit of 9282570?
7
What is the ten thousands digit of 26275?
2
What is the hundreds digit of 62984?
9
What is the ten thousands digit of 6524775?
2
What is the hundreds digit of 2791869?
8
What is the hundreds digit of 244444?
4
What is the hundred thousands digit of 2053580?
0
What is the tens digit of 19538997?
9
What is the hundreds digit of 22918999?
9
What is the hundreds digit of 458793?
7
What is the units digit of 4891480?
0
What is the units digit of 25994994?
4
What is the millions digit of 15870971?
5
What is the hundred thousands digit of 7479155?
4
What is the hundreds digit of 196943?
9
What is the hundred thousands digit of 135609?
1
What is the ten thousands digit of 820086?
2
What is the hundred thousands digit of 118830?
1
What is the ten thousands digit of 13890?
1
What is the hundreds digit of 25565?
5
What is the millions digit of 1973602?
1
What is the units digit of 6730601?
1
What is the hundred thousands digit of 397182?
3
What is the hundreds digit of 31526?
5
What is the ten thousands digit of 2270976?
7
What is the thousands digit of 641079?
1
What is the tens digit of 2278803?
0
What is the hundred thousands digit of 193119?
1
What is the tens digit of 27057?
5
What is the tens digit of 3437786?
8
What is the ten thousands digit of 9791791?
9
What is the hundreds digit of 10288337?
3
What is the thousands digit of 255950?
5
What is the ten thousands digit of 665925?
6
What is the ten thousands digit of 1758201?
5
What is the units digit of 39753?
3
What is the thousands digit of 2434962?
4
What is the hundred thousands digit of 7711442?
7
What is the units digit of 1608918?
8
What is the hundreds digit of 16331?
3
What is the thousands digit of 105319?
5
What is the units digit of 4809492?
2
What is the ten thousands digit of 1117505?
1
What is the tens digit of 271250?
5
What is the hundreds digit of 167122?
1
What is the ten thousands digit of 174010?
7
What is the tens digit of 3904736?
3
What is the ten thousands digit of 623674?
2
What is the thousands digit of 4287670?
7
What is the hundreds digit of 277951?
9
What is the ten thousands digit of 99895?
9
What is the millions digit of 3838511?
3
What is the tens digit of 1748391?
9
What is the tens digit of 2287232?
3
What is the thousands digit of 748503?
8
What is the hundred thousands digit of 422475?
4
What is the hundreds digit of 756712?
7
What is the hundred thousands digit of 1176815?
1
What is the tens digit of 20001158?
5
What is the ten thousands digit of 810630?
1
What is the thousands digit of 244442?
4
What is the hundreds digit of 506957?
9
What is the units digit of 2230603?
3
What is the thousands digit of 1318384?
8
What is the hundred thousands digit of 7296701?
2
What is the ten thousands digit of 29411832?
1
What is the units digit of 26782659?
9
What is the hundreds digit of 905925?
9
What is the hundreds digit of 6554?
5
What is the hundreds digit of 10794?
7
What is the hundreds digit of 2990431?
4
What is the millions digit of 13591327?
3
What is the tens digit of 5165476?
7
What is the thousands digit of 174771?
4
What is the hundreds digit of 2548615?
6
What is the thousands digit of 1545889?
5
What is the ten millions digit of 22522640?
2
What is the hundred thousands digit of 529471?
5
What is the tens digit of 34434360?
6
What is the ten thousands digit of 4829182?
2
What is the units digit of 363267?
7
What is the thousands digit of 259727?
9
What is the thousands digit of 151132?
1
What is the ten thousands digit of 3247240?
4
What is the units digit of 21198396?
6
What is the millions digit of 3808261?
3
What is the tens digit of 817464?
6
What is the thousands digit of 610172?
0
What is the hundreds digit of 20287418?
4
What is the units digit of 198843?
3
What is the tens digit of